are the prime factors of d?
2341
Suppose 225*s - 280*s = -134475. List the prime factors of s.
3, 5, 163
Suppose 0 = -5*y + l + 1 + 53, l + 24 = 2*y. Let j(n) = -n**3 + 2*n**2 + 70*n + 270. Let z be j(0). List the prime factors of z/5*y/4.
3, 5
Suppose -75930 = -15102*y + 15092*y. List the prime factors of y.
3, 2531
Suppose 0 = 6*b - 14*b + 344. Suppose -40*f = -b*f + 1032. Suppose -m - f = -2*z, 5*z + 2*m - 1242 + 382 = 0. What are the prime factors of z?
2, 43
Let i(u) = -u**3 + 6*u**2 + 12*u - 21. Let o be i(7). Suppose -o*c + 23*c = 0. Suppose -z + 101 + 160 = c. What are the prime factors of z?
3, 29
Suppose -2*w = 3*d + 4, w - 2*d = -w + 6. List the prime factors of (-935*w)/(3 + -8 + 4).
5, 11, 17
Let y(a) = a**2 - 11*a + 19. Let o be (-1 - -2)/((-4)/(-152)). Suppose 3*d - o = -x, 11 = d - 2*x + 3. What are the prime factors of y(d)?
31
Suppose -2*y + 24426 = -3*p, -4*y + p + 79355 - 30503 = 0. What are the prime factors of y?
3, 23, 59
Suppose 3*d = 1113 + 1095. Let l = -830 + 1355. Let s = d - l. List the prime factors of s.
211
Let p(a) = 122*a**2 - 1. Suppose -27*s + 30*s - 12 = 0. Suppose -s*i - 9 = 5*r, r = 4*i + 4*r + 7. What are the prime factors of p(i)?
11
Let w(d) = -d**3 - d**2 - 2*d + 4. Let f be (((-3)/(-6)*0)/(-1))/3. Let s be w(f). Suppose -5*j + j - 254 = -3*q, s*q = -4*j + 292. List the prime factors of q.
2, 3, 13
Suppose -3*a = f - 2686, 2*f + 3*a - 1468 = 3898. List the prime factors of f.
2, 5, 67
Let z(k) = -23*k**3 + 4*k**2 + 11*k + 17. Let m be z(-2). Let b = m + 241. List the prime factors of b.
2, 109
Suppose 844*n = 856*n - 21948. What are the prime factors of n?
31, 59
Suppose -3*c + 7*c = 2*o + 30, 2*o + 25 = 3*c. Let q(v) = -5*v**2 + 6*v - 1. Let m be q(c). Let a = m - -169. List the prime factors of a.
73
Let q be -1*27/(-6)*4/(-6). Let w be 1920/(-6)*q/4. Suppose -d + w = d. What are the prime factors of d?
2, 3, 5
Let n(r) = 16*r**3 + 3*r**2 - 3*r - 2. Let o be n(3). Let j = o + -53. What are the prime factors of j?
5, 79
Let s be -8 - -5 - -3*2/6. List the prime factors of 6201/12 - s/(9 - 1).
11, 47
Let w be ((-24)/(-108))/(2/18). Suppose 3*x - 14 = -w*a, 5*x = x + 4*a - 8. List the prime factors of 3/(6*x/548).
137
Let h = -181344 + 263944. What are the prime factors of h?
2, 5, 7, 59
Suppose -3*v + 8743 = -5399. What are the prime factors of v?
2, 2357
Let y(g) = -337*g**2 + 2*g + 1. Let r be y(-1). Suppose -5*p = 5734 - 3229. Let s = r - p. List the prime factors of s.
163
Suppose 2659 = 2*b + 5*i, 4*b - 63*i = -60*i + 5383. What are the prime factors of b?
2, 11, 61
Suppose -2*f - 18816 = -2*b, 433*b - 37652 = 429*b - f. List the prime factors of b.
2, 13, 181
Suppose -8*w = 7*w + 1125. Let u be (w/(-100))/(2/8). What are the prime factors of u*(-1)/(-1) + (-243)/(-3)?
2, 3, 7
Let u = -5943 + 9240. Let j = -1701 + u. List the prime factors of j/10 + 2/20*4.
2, 5
Let t be 4 + -1352 + (-1 - 0). What are the prime factors of t/(-7) - 3/((-105)/10)?
193
Suppose 2*o + 601*x - 600*x = 40266, o = -2*x + 20136. What are the prime factors of o?
2, 7, 719
Suppose 0 = -k - 3*k + y + 13, k - 5*y = -11. Let f be 2/(-4) + 282/k + -2. Let l = 244 - f. What are the prime factors of l?
2, 11
Suppose -6*z + 15*z = 45. Let i(c) = 3*c**3 - 3*c**2 + 20. List the prime factors of i(z).
2, 5
Suppose 198 = 19*n - 2025. Let a = 160 + n. What are the prime factors of a?
277
Let r(p) = -p + 4. Let w be r(7). Let z = -4 - w. What are the prime factors of 19 + (-4 - 0) + z?
2, 7
Let r = 1635 - 1496. Suppose -3 = -g + 92. Let x = r - g. List the prime factors of x.
2, 11
Let m(j) = j**3 + 6*j**2 - 5*j + 6. Let u(p) = -p**3 - p + 2. Let d be u(0). Suppose -3*s + 13 = -d*n - 4*s, 3*n + 17 = s. What are the prime factors of m(n)?
2, 3
Suppose -5940 - 6935 = -3*m - 4*k, 5*m - 21447 = -k. List the prime factors of m.
4289
Let h = -5731 - -37510. What are the prime factors of h?
3, 11, 107
Suppose i - 249 = -3*w, 4*i = 3*i + 4*w + 221. Let a = i - 141. Let r = a - 74. What are the prime factors of r?
2, 11
Suppose 663*o - 1686563 - 3649711 = 49*o. What are the prime factors of o?
3, 2897
Let i(v) = -21*v - 245. Let a be i(-13). Suppose -4*t + 3*f = -5473, -a*f + 25 = -23*f. List the prime factors of t.
2, 7
Suppose -3*y = 21*y + 192. List the prime factors of 2578*(-1)/(-5) + y/(-20).
2, 3, 43
Suppose 5*s - 2*o = 1678, 6 - 26 = 5*o. Let y = 611 - s. What are the prime factors of y?
277
Suppose 6*u = 28 + 38. Let d = 13 - u. Suppose d*l = 19 + 9. List the prime factors of l.
2, 7
Let p = -62 - -282. Suppose 0 = -26*k + 25*k + 114. Let q = p - k. List the prime factors of q.
2, 53
Suppose -2*h - 9 = -1, -g - h - 2 = 0. Suppose 0 = -g*q + 1 - 9, -1703 = -5*p + 2*q. What are the prime factors of p?
3, 113
Let g = -2432 + 11970. List the prime factors of g.
2, 19, 251
Suppose -5 = -3*l - 2*h, l - 3*l = -4*h + 2. Let q = l - -64. Let k = q + -13. What are the prime factors of k?
2, 13
Suppose -175*n = 15482 - 1492714 - 129443. What are the prime factors of n?
9181
Let m = 8920 - -3429. List the prime factors of m.
53, 233
Let o = 585 + -328. Let l = o + -147. List the prime factors of l.
2, 5, 11
Let p = 4 - -5. Let q(k) = -k**3 - 9*k**2 + 5*k - 10. Let h(d) = 3*d**3 + 19*d**2 - 10*d + 20. Let l(c) = 2*h(c) + 5*q(c). What are the prime factors of l(p)?
197
Suppose 187 = 20*j - 3*j. Suppose 4356 = 4*m - t, -j*t = -9*t. What are the prime factors of m?
3, 11
Let t(o) be the second derivative of 13*o**3/6 - 33*o**2 + 46*o. Let s be t(6). Let a(q) = 10*q - 40. What are the prime factors of a(s)?
2, 5
Let r = 3199 - -4121. Suppose -8*l = -1344 - r. List the prime factors of l.
3, 19
Suppose -267 = -i + 4*y, 10*y = -4*i + 5*y + 984. Let g = 484 - i. Let v = -8 + g. What are the prime factors of v?
3, 5
Let w(m) = -2657*m - 1685. List the prime factors of w(-9).
2, 5557
Suppose -4084 = -4*o - 9*t + 6*t, -2*o + 2044 = 2*t. What are the prime factors of o?
2, 509
Suppose -17*v = -9*v - 64. Suppose -3*b + 586 = -2*a, 3*b - v*b + 983 = 3*a. What are the prime factors of b?
2, 7
Let h = 17024 - -7337. List the prime factors of h.
17, 1433
Let j(p) = 20*p + 18. Let a(n) = -n - 1. Let u(z) = -a(z) + j(z). What are the prime factors of u(4)?
103
Let l = -102 + 82. What are the prime factors of (l/(-25) - 0)/(2/165)?
2, 3, 11
Let x be ((-15)/(-6))/(8 + 785/(-98)). List the prime factors of x/14*(-3468)/30.
7, 17
Suppose -2*b + 4*q = -190, -5*q + 3*q = 8. Suppose -5*y + 779 = 3*y - 4421. Suppose b = 11*j - y. List the prime factors of j.
67
Let k(y) = -7784*y + 6576. What are the prime factors of k(-9)?
2, 3, 31, 103
Suppose 11*h - 14*h + 10669 = -5*p, 3558 = h - 2*p. What are the prime factors of h?
2, 887
Suppose 182040 = 62*w - 21*w. List the prime factors of w.
2, 3, 5, 37
Let s(h) = h**3 - 19*h**2 + 36*h - 36. Let j be s(22). Suppose 75 - j = -9*w. List the prime factors of w.
3, 79
Suppose -28*o - 21296 + 110501 = -27751. List the prime factors of o.
4177
Let h = 305 - 261. What are the prime factors of (-3)/11 + 41988/h?
2, 3, 53
Let z(l) = -6*l - 205. Let k be z(-35). Suppose 0*a + 4*a = 2476. Suppose -4*h - k*y + 925 = 0, -5*h + 3*y = a - 1803. List the prime factors of h.
5, 47
Let u be (6/5 - 2)*(-2040)/16. List the prime factors of (-12)/u - (-6360)/17.
2, 11, 17
Suppose -70*a = -41*a - 300*a + 6546276. List the prime factors of a.
2, 3, 11, 61
Let a(j) = -j**3 - 27*j**2 + 77*j + 113. What are the prime factors of a(-32)?
3, 13, 71
Let n be ((-6)/3 - (-105)/10)*2. Suppose -n + 32 = 5*r. Suppose -r*l + j + 242 = 0, 2*l = l + j + 82. List the prime factors of l.
2, 5
What are the prime factors of (-21965)/(-3) + -15 + (-49)/(-3)?
3, 2441
List the prime factors of 69864/1476*(-7)/(-4)*90.
3, 5, 7, 71
List the prime factors of 65695/3 - (12/45)/((-4)/10).
61, 359
Let x(q) = 51*q**3 - 6*q**2 + 4*q - 5. Let z be x(4). Suppose 8*v + 2*w + z = 11*v, -3*w - 5299 = -5*v. List the prime factors of v.
1061
Let s(b) = -3776*b + 2554. What are the prime factors of s(-16)?
2, 3, 5, 2099
Let z be (3 - 0) + 3 + (-2)/2. Suppose -z*t + 1656 = -t. List the prime factors of t.
2, 3, 23
Let k(o) = -o**3 + 48*o**2 + 52*o - 91. What are the prime factors of k(45)?
2, 2081
Let r(c) be the third derivative of 61*c**5/60 - c**4/3 + 35*c**3/6 + 7*c**2. List the pri